= -0*v - q + 86, -4*v - u*q + 128 = 0. What are the prime factors of v?
3
Let b = 826 + -128. What are the prime factors of b?
2, 349
Suppose -5*y + 3738 = -4*a, 5*y - a - 4902 + 1155 = 0. What are the prime factors of y?
2, 3, 5
Suppose s = -g + 3, -3*s + 2*g - g - 3 = 0. Suppose s = -9*q + 5*q. What are the prime factors of 48/1 + (0 - q)?
2, 3
Let l = -253 + 424. What are the prime factors of l?
3, 19
Let q be 3 + 10/15 - 4/6. Suppose q*d = 4*d - 5*w - 189, 4*w - 20 = 0. List the prime factors of d.
2, 107
Let p(h) = -h**3 - 6*h**2 - 5*h + 2. Let a be p(-5). Suppose -n = -a*r - 9, -r - n + 1 = r. What are the prime factors of r/(-6) - (-272)/12?
23
Suppose -252 = -0*o - 4*o. Suppose -5*k - 63 = -2*s + o, -s - k = -70. List the prime factors of s.
2, 17
Let w = 14 - -17. Suppose 3*z = 4*j - 4 + 30, -3*z = -5*j - w. Suppose 46 - 14 = 2*u + z*v, -2*u + 3*v + 42 = 0. What are the prime factors of u?
2, 3
Suppose 6*s - 10*s = 0, 0 = 4*a - 5*s - 6188. What are the prime factors of a?
7, 13, 17
Suppose -5*v - 750 = -4*d, 3*v = -4*d - 383 - 67. Let p = v - -73. Let r = -45 - p. What are the prime factors of r?
2
Let x = -26 + 36. Suppose -500 = x*y - 15*y. List the prime factors of y.
2, 5
Suppose 0*n + 16 = -g - 5*n, -3*n - 4 = 2*g. What are the prime factors of 1*(45 + (2 - g))?
43
Let n(l) = -l**2 + 14*l - 10. Let v be n(13). Let j be 4/(3/(v - 0)). Suppose 2*i = 3*z + 111, -5*i + 297 = -j*z + 3*z. List the prime factors of i.
2, 3, 5
Let n = 60 + -101. Let k = -15 + n. Let z = -39 - k. List the prime factors of z.
17
Let h(v) = v + 14. Let s be h(-11). What are the prime factors of (4 + -3)*(s - -134)?
137
What are the prime factors of -4*(4 + -7 + 3 + -194)?
2, 97
Suppose 2*s - 5*s - 2*v + 743 = 0, 5*s - 4*v = 1231. List the prime factors of s.
13, 19
Suppose 3*x - 3 = -3*f + 3, 4*f - 4 = -2*x. Let m(v) = -v**2 + v + 14. List the prime factors of m(f).
2, 7
Let d = 68 - 65. Suppose 6*y = -d*y + 486. List the prime factors of y.
2, 3
Suppose -2*n + 6 = 3*f + n, -2*f - 3*n + 2 = 0. Let h be f/(-20)*(-2 - 3). List the prime factors of 780/(-24)*(-1 - h).
5, 13
Let o be (-7 + 8)*0/(-2). Let u be (-3 + 1 - o)*-1. Suppose -u*d = 3*d - 40. List the prime factors of d.
2
Suppose -20*u + 12 = -16*u. Suppose 2*c + c + 2*m - 51 = 0, -3*m + 51 = u*c. What are the prime factors of c?
17
Let g(o) = 11*o**3 + 3*o**2 + 4*o - 7. What are the prime factors of g(4)?
761
Let k(h) = -h**2 - 6*h - 3. Suppose -y - 4 = 2. Let d be k(y). Let n(w) = -11*w - 6. List the prime factors of n(d).
3
Suppose c = 5*f + 11, 3*c = 5*f + 8*c + 35. Let u be 1/(f/279*-3). Let z = u - 3. List the prime factors of z.
2, 7
Suppose 0 = -14*w - 2800 + 11508. List the prime factors of w.
2, 311
Let x be ((-30)/9)/((-2)/9). Suppose -3*u + 5*a + 25 = 0, -x = -5*u + 4*a + 31. List the prime factors of (2 + u - 1)*1.
11
Let d be 1/4 - (-87)/4. Suppose 8*a + 31 = 9*a + 3*k, a - 2*k = 21. Let y = a - d. What are the prime factors of y?
3
Let d be (-9 - -4)*1*-5. Suppose -5*a = -d - 145. What are the prime factors of a?
2, 17
Suppose 0 = 5*j - 6 + 1. Let m be (2 - j)*54/(-3). Let o = 22 - m. What are the prime factors of o?
2, 5
Let w(f) be the first derivative of -1/4*f**4 - 5/2*f**2 - 4*f - 12 + 8/3*f**3. What are the prime factors of w(5)?
2, 23
List the prime factors of 2912 + 111 - (-2 - 1).
2, 17, 89
Let n(u) = -u**3 + 10*u**2 + 4*u - 5. Let l be n(9). Let a = 229 + l. What are the prime factors of a?
11, 31
Let d be -12*(-1 + 65/(-15)). Suppose 4*g = 5*q + 29 + 18, -5*g + q + d = 0. List the prime factors of g.
13
Let x = 51 + 249. Suppose -8*p - x = -3*p. What are the prime factors of 87/4 + (-15)/p?
2, 11
Let f(v) = 4*v - 12. Suppose -3*u + 9 = 3. Let x be u/5*(-25)/(-2). List the prime factors of f(x).
2
What are the prime factors of ((-309)/2)/((-117)/780)?
2, 5, 103
Suppose 2*d - 1 = 3*d - 4*c, 4*c = 4. Let z(l) = l + 7. Let m be z(-5). Suppose m*k + 143 = 3*i - 0*i, -4*i = d*k - 219. List the prime factors of i.
3, 17
Suppose 3*j = -4*h + 5706, 4*j + 4*h = 2*h + 7618. List the prime factors of j.
2, 953
What are the prime factors of (6/(-4))/(8/(-912*9))?
3, 19
Suppose 3*n - 102 - 45 = 0. Suppose q - 55 = -z, 4*z + n + 137 = 3*q. List the prime factors of q.
2, 29
Suppose 5*i = 5*o - 5 + 20, 2*o + 4*i - 12 = 0. Suppose o = -3*h + 6*h - 285. List the prime factors of h.
5, 19
Suppose 5*m + 12 = 8*m. Suppose -8*d + 136 = -m*d. Suppose -3*b + 32 + d = 0. What are the prime factors of b?
2, 11
Let f(r) = 9*r - 90. What are the prime factors of f(16)?
2, 3
Let i = 4 - 8. Let r = -3 - i. List the prime factors of ((-1)/(-2))/(r/8).
2
Let s = 55 - 51. Suppose g - 55 = 5*j, -6*g + 4*g = s*j - 138. List the prime factors of g.
5, 13
Suppose -2*o - 3*p - 48 = 0, o + 4*o = 5*p - 70. Let h = o + 26. What are the prime factors of h + -2 + (-3)/(-1)?
3
Let s(b) = 2*b - 18. Let r be s(10). Suppose 5*u - 292 = -0*j - 3*j, -2*u + 116 = r*j. List the prime factors of u.
59
Let y = -1797 - -3557. List the prime factors of y.
2, 5, 11
Let v(j) = -j**2 + 22. Let m(c) = -c**3 + 4*c**2 - 5*c + 6. Let d be m(3). List the prime factors of v(d).
2, 11
Let a = -719 + 1509. Suppose 0 = -5*c + 3*g + a, 3*c - c = -4*g + 290. Suppose -4*z - 11 = -c. List the prime factors of z.
2, 3
Suppose -7*y - 3 = -4*y. Let w = 53 + y. What are the prime factors of w?
2, 13
List the prime factors of (-217528)/(-72) + (-32)/144.
3, 19, 53
Suppose -2*i + 5*c = -2890, -49*i = -52*i - 3*c + 4356. List the prime factors of i.
2, 5, 29
List the prime factors of (-624547)/(-539) + (-10)/14.
2, 3, 193
Suppose 6368 = 4*q + 3*v, -q + 2322 = 5*v + 730. What are the prime factors of q?
2, 199
List the prime factors of (4 - 7 - -10) + 2559.
2, 1283
Let f = -1493 + 1729. What are the prime factors of f?
2, 59
Let k(r) = -r**3 - 9*r**2 - 4*r - 3. Let g be k(-6). Suppose -4*o + 4*t = 24, -6*t + 12 = -o - 3*t. List the prime factors of g/(-5) - o/5.
2, 3
Let t be (-4)/5 + (-421)/5. Let h = t + 43. List the prime factors of (36/(-14))/(6/h).
2, 3
Suppose -6 = -3*x, -8*x - 1691 = -3*j - 12*x. List the prime factors of j.
3, 11, 17
Let s = 8 - 2. Suppose -2*b + 5 = a, s = 5*b - 3*a - a. List the prime factors of b.
2
Let v(s) = 10*s**2 - 3*s - 7. Let o be -1 - (4 + (-3)/1). Let t(x) = 3*x**2 - x - 2. Let z(g) = o*v(g) + 7*t(g). What are the prime factors of z(-3)?
2, 3
Let n = 13 + -11. Suppose 0 = n*v - 4*d - 116, 5*v + d - 400 = -121. List the prime factors of v.
2, 7
Suppose -1 = 2*l + 7. List the prime factors of 3 + -6 + 84 + l.
7, 11
Suppose -5*i + 53 = -4*r, -2*i - 6*r + 5*r + 16 = 0. Let k be 1/((i/(-50))/(-9)). Let n = k + -27. What are the prime factors of n?
23
Let t(o) be the third derivative of 1/24*o**4 + 8/3*o**3 - 4*o**2 + 0 + 0*o. What are the prime factors of t(-7)?
3
Let w = -14 - -19. Suppose 19 = w*j - 6. Suppose 0 = h + j*g - 10, -h + 2*g = -2*g - 55. What are the prime factors of h?
5, 7
Let t(f) = 3*f**2 - 2*f + 3. Let w be t(2). Suppose 6*x - 8*x + 2*v = -4, -3*x + 2 = -5*v. Suppose x = -k + w. List the prime factors of k.
7
Let g(x) = -2 + 21*x - x**3 - 26 + 13*x**2 - 3. List the prime factors of g(14).
67
Let v(p) = p**2 - 2*p + 14. Let o(k) = k. Let h be o(9). List the prime factors of v(h).
7, 11
Let o(y) = 31*y**3 + 2*y + 1. Let c(x) = -123*x**3 - 9*x - 4. Let d(j) = 2*c(j) + 9*o(j). List the prime factors of d(1).
2, 17
Let y = -10 - -10. Let c = 0 - y. Suppose -4*u - t + 3*t + 42 = c, -4*t = -2*u + 12. What are the prime factors of u?
2, 3
Let i be ((-9)/27)/((-1)/(-15)). Suppose 5*f = -3*p + 2*p + 20, -2*f + 25 = -3*p. List the prime factors of (0 + (-2)/i)*f.
2
Let j(f) be the first derivative of 39*f**3 + f**2 - 2*f - 6. What are the prime factors of j(1)?
3, 13
Suppose 5*c - 2204 = -4*v, v = -c - 110 + 660. List the prime factors of v.
2, 3, 7, 13
Let i = 2 - -162. What are the prime factors of i?
2, 41
Let k = 795 - -9. List the prime factors of k.
2, 3, 67
List the prime factors of (-3*(-416)/60)/((-4)/(-40)).
2, 13
Let u = -26 - -29. Suppose 0*g + u*g = -27. Let v = 8 - g. What are the prime factors of v?
17
Let s(d) = 94*d + 106. What are the prime factors of s(4)?
2, 241
Let z(p) = 8*p**2 - 2*p + 29. List the prime factors of z(17).
3, 769
Let z(h) = h**3 - h**2 - 2*h. Let k be z(2). Suppose k = 2*m